{"id":541,"date":"2025-10-30T12:08:47","date_gmt":"2025-10-30T11:08:47","guid":{"rendered":"http:\/\/www.rosendahl.biz\/?page_id=541"},"modified":"2025-10-30T13:15:13","modified_gmt":"2025-10-30T12:15:13","slug":"fuer-den-brunnen-spenden","status":"publish","type":"page","link":"https:\/\/www.rosendahl.biz\/?page_id=541","title":{"rendered":"F\u00fcr den Brunnen spenden"},"content":{"rendered":"\n<p>F\u00fcr Spenden stehen hier 2 M\u00f6glichkeiten zur Verf\u00fcgung. Die direkte \u00dcberweisung auf das Spendenkonto, oder eine Spende \u00fcber PayPal.<\/p>\n\n\n\n<p>Sollen Socken\/Mini-Socken versendet werden, bitte VORHER melden, damit wir die erforderlichen Portokosten ermitteln k\u00f6nnen. Evtl habt ihr Freunde, Familie, Bekannte&#8230; die sich ebenfalls beteiligen wollen und ihr organisiert eine kleine Sammelbestellung. So k\u00f6nnt ihr Porto sparen!<\/p>\n\n\n\n<p><strong>Bei VERSAND von Socken, etc. bitte so vorgehen:<\/strong><\/p>\n\n\n\n<ol class=\"wp-block-list\">\n<li>Kontakt aufnehmen, Portofrage kl\u00e4ren<\/li>\n\n\n\n<li>Spende mit eindeutigem Betreff &#8222;Nowaste4water&#8220; und Anzahl der Socken etc. per Paypal oder \u00dcberweisung vornehmen<\/li>\n\n\n\n<li>Porto per Online-Frankierung vornehmen und per mail (pdf) an: <strong>nowaste4water@rosendahl.biz<\/strong> schicken. Bitte hier Euren Namen (laut \u00dcberweisung) und Spendendatum mit angeben.<\/li>\n<\/ol>\n\n\n\n<p><strong>Bei ABHOLUNG von Socken oder vor-Ort K\u00e4ufen:<\/strong><\/p>\n\n\n\n<ol class=\"wp-block-list\">\n<li>Socken direkt ausw\u00e4hlen und <\/li>\n\n\n\n<li>Passend bar in Spendenbox zahlen oder direkt vor Ort \u00fcber den PayPal-Link bezahlen<\/li>\n\n\n\n<li>Socken mitnehmen und kunterbunt freuen!<br><\/li>\n<\/ol>\n\n\n<div class=\"pgc-sgb-cb wp-block-pgcsimplygalleryblock-masonry \" data-gallery-id=\"e7f35088\"><div class=\"sgb-preloader\" id=\"pr_e7f35088\">\n\t<div class=\"sgb-square\" style=\"background:#d4d4d4\"><\/div>\n\t<div class=\"sgb-square\" style=\"background:#d4d4d4\"><\/div>\n\t<div class=\"sgb-square\" style=\"background:#d4d4d4\"><\/div>\n\t<div class=\"sgb-square\" style=\"background:#d4d4d4\"><\/div><\/div><div class=\"simply-gallery-amp pgc_sgb_slider \" style=\"display: none;\"><div class=\"sgb-gallery\"><div class=\"sgb-item\"><a href=\"http:\/\/www.rosendahl.biz\/?attachment_id=562\" target=\"_blank\"><img decoding=\"async\" alt=\"\" width=\"265\" height=\"300\" loading=\"lazy\" src=\"http:\/\/www.rosendahl.biz\/wp-content\/uploads\/2025\/10\/WhatsApp-Image-2025-10-30-at-11.45.45-265x300.jpeg\" srcset=\"http:\/\/www.rosendahl.biz\/wp-content\/uploads\/2025\/10\/WhatsApp-Image-2025-10-30-at-11.45.45-265x300.jpeg 265w,http:\/\/www.rosendahl.biz\/wp-content\/uploads\/2025\/10\/WhatsApp-Image-2025-10-30-at-11.45.45-905x1024.jpeg 905w,http:\/\/www.rosendahl.biz\/wp-content\/uploads\/2025\/10\/WhatsApp-Image-2025-10-30-at-11.45.45.jpeg 1080w\" sizes=\"auto, 250px\"\/><\/a><div class=\"sgb-item-caption\"><em>Spendenkonto<\/em><\/div><\/div><div class=\"sgb-item\"><a href=\"http:\/\/www.rosendahl.biz\/?attachment_id=561\" target=\"_blank\"><img decoding=\"async\" alt=\"\" width=\"300\" height=\"293\" loading=\"lazy\" src=\"http:\/\/www.rosendahl.biz\/wp-content\/uploads\/2025\/10\/WhatsApp-Image-2025-10-30-at-11.45.451-300x293.jpeg\" srcset=\"http:\/\/www.rosendahl.biz\/wp-content\/uploads\/2025\/10\/WhatsApp-Image-2025-10-30-at-11.45.451-300x293.jpeg 300w,http:\/\/www.rosendahl.biz\/wp-content\/uploads\/2025\/10\/WhatsApp-Image-2025-10-30-at-11.45.451.jpeg 782w\" sizes=\"auto, 250px\"\/><\/a><div class=\"sgb-item-caption\"><em>Spenden via PayPal &#8222;Freunde&#8220;<\/em><\/div><\/div><\/div><\/div><script type=\"application\/json\" class=\"sgb-data\">{\"galleryType\":\"pgc_sgb_masonry\",\"galleryId\":\"e7f35088\",\"images\":[{\"id\":562,\"title\":\"Spendenkonto\",\"url\":\"http:\/\/www.rosendahl.biz\/wp-content\/uploads\/2025\/10\/WhatsApp-Image-2025-10-30-at-11.45.45.jpeg\",\"link\":\"http:\/\/www.rosendahl.biz\/?attachment_id=562\",\"alt\":\"\",\"description\":\"\",\"caption\":\"Spendenkonto\",\"mime\":\"image\/jpeg\",\"type\":\"image\",\"width\":1080,\"height\":1222,\"sizes\":{\"thumbnail\":{\"height\":150,\"width\":150,\"url\":\"http:\/\/www.rosendahl.biz\/wp-content\/uploads\/2025\/10\/WhatsApp-Image-2025-10-30-at-11.45.45-150x150.jpeg\",\"orientation\":\"landscape\"},\"medium\":{\"height\":300,\"width\":265,\"url\":\"http:\/\/www.rosendahl.biz\/wp-content\/uploads\/2025\/10\/WhatsApp-Image-2025-10-30-at-11.45.45-265x300.jpeg\",\"orientation\":\"portrait\"},\"large\":{\"height\":1024,\"width\":905,\"url\":\"http:\/\/www.rosendahl.biz\/wp-content\/uploads\/2025\/10\/WhatsApp-Image-2025-10-30-at-11.45.45-905x1024.jpeg\",\"orientation\":\"portrait\"},\"full\":{\"url\":\"http:\/\/www.rosendahl.biz\/wp-content\/uploads\/2025\/10\/WhatsApp-Image-2025-10-30-at-11.45.45.jpeg\",\"height\":1222,\"width\":1080,\"orientation\":\"portrait\"}},\"imageMeta\":{\"aperture\":\"0\",\"credit\":\"\",\"camera\":\"\",\"caption\":\"\",\"created_timestamp\":\"0\",\"copyright\":\"\",\"focal_length\":\"0\",\"iso\":\"0\",\"shutter_speed\":\"0\",\"title\":\"\",\"orientation\":\"0\",\"keywords\":[]},\"meta\":false,\"postlink\":\"http:\/\/www.rosendahl.biz\/?attachment_id=562\"},{\"id\":561,\"title\":\"PayPal\",\"url\":\"http:\/\/www.rosendahl.biz\/wp-content\/uploads\/2025\/10\/WhatsApp-Image-2025-10-30-at-11.45.451.jpeg\",\"link\":\"http:\/\/www.rosendahl.biz\/?attachment_id=561\",\"alt\":\"\",\"description\":\"\",\"caption\":\"Spenden via PayPal \\u0022Freunde\\u0022\",\"mime\":\"image\/jpeg\",\"type\":\"image\",\"width\":782,\"height\":765,\"sizes\":{\"thumbnail\":{\"height\":150,\"width\":150,\"url\":\"http:\/\/www.rosendahl.biz\/wp-content\/uploads\/2025\/10\/WhatsApp-Image-2025-10-30-at-11.45.451-150x150.jpeg\",\"orientation\":\"landscape\"},\"medium\":{\"height\":293,\"width\":300,\"url\":\"http:\/\/www.rosendahl.biz\/wp-content\/uploads\/2025\/10\/WhatsApp-Image-2025-10-30-at-11.45.451-300x293.jpeg\",\"orientation\":\"landscape\"},\"full\":{\"url\":\"http:\/\/www.rosendahl.biz\/wp-content\/uploads\/2025\/10\/WhatsApp-Image-2025-10-30-at-11.45.451.jpeg\",\"height\":765,\"width\":782,\"orientation\":\"landscape\"}},\"imageMeta\":{\"aperture\":\"0\",\"credit\":\"\",\"camera\":\"\",\"caption\":\"\",\"created_timestamp\":\"0\",\"copyright\":\"\",\"focal_length\":\"0\",\"iso\":\"0\",\"shutter_speed\":\"0\",\"title\":\"\",\"orientation\":\"0\",\"keywords\":[]},\"meta\":false,\"postlink\":\"http:\/\/www.rosendahl.biz\/?attachment_id=561\"}],\"itemsMetaDataCollection\":[]}<\/script><script>(function(){if(window.PGC_SGB && window.PGC_SGB.searcher){window.PGC_SGB.searcher.initBlocks()}})()<\/script><\/div>","protected":false},"excerpt":{"rendered":"<p>F\u00fcr Spenden stehen hier 2 M\u00f6glichkeiten zur Verf\u00fcgung. Die direkte \u00dcberweisung auf das Spendenkonto, oder eine Spende \u00fcber PayPal. Sollen Socken\/Mini-Socken versendet werden, bitte VORHER melden, damit wir die erforderlichen Portokosten ermitteln k\u00f6nnen. Evtl habt ihr Freunde, Familie, Bekannte&#8230; die sich ebenfalls beteiligen wollen und ihr organisiert eine kleine Sammelbestellung. So k\u00f6nnt ihr Porto sparen! &hellip; <\/p>\n","protected":false},"author":1,"featured_media":0,"parent":0,"menu_order":0,"comment_status":"closed","ping_status":"closed","template":"","meta":{"pgc_sgb_lightbox_settings":"","footnotes":""},"class_list":["post-541","page","type-page","status-publish","hentry"],"_links":{"self":[{"href":"https:\/\/www.rosendahl.biz\/index.php?rest_route=\/wp\/v2\/pages\/541","targetHints":{"allow":["GET"]}}],"collection":[{"href":"https:\/\/www.rosendahl.biz\/index.php?rest_route=\/wp\/v2\/pages"}],"about":[{"href":"https:\/\/www.rosendahl.biz\/index.php?rest_route=\/wp\/v2\/types\/page"}],"author":[{"embeddable":true,"href":"https:\/\/www.rosendahl.biz\/index.php?rest_route=\/wp\/v2\/users\/1"}],"replies":[{"embeddable":true,"href":"https:\/\/www.rosendahl.biz\/index.php?rest_route=%2Fwp%2Fv2%2Fcomments&post=541"}],"version-history":[{"count":6,"href":"https:\/\/www.rosendahl.biz\/index.php?rest_route=\/wp\/v2\/pages\/541\/revisions"}],"predecessor-version":[{"id":569,"href":"https:\/\/www.rosendahl.biz\/index.php?rest_route=\/wp\/v2\/pages\/541\/revisions\/569"}],"wp:attachment":[{"href":"https:\/\/www.rosendahl.biz\/index.php?rest_route=%2Fwp%2Fv2%2Fmedia&parent=541"}],"curies":[{"name":"wp","href":"https:\/\/api.w.org\/{rel}","templated":true}]}}