{"id":506,"date":"2025-10-04T16:56:04","date_gmt":"2025-10-04T15:56:04","guid":{"rendered":"http:\/\/www.rosendahl.biz\/?page_id=506"},"modified":"2025-11-01T12:03:51","modified_gmt":"2025-11-01T11:03:51","slug":"no-waste-4-water","status":"publish","type":"page","link":"https:\/\/www.rosendahl.biz\/?page_id=506","title":{"rendered":"No Waste 4 Water"},"content":{"rendered":"\n<p>Wie &#8222;strickt&#8220; man einen Brunnen?<\/p>\n\n\n\n<p>Eine Idee, Wolle und eine Gemeinschaft mit dem Ziel zusammen gen\u00fcgend gestrickte Socken zu erschaffen und f\u00fcr einen Spendenbetrag zu ver\u00e4u\u00dfern um einer Dorfgemeinschaft in Afrika einen gesicherten, dauerhaften Zugang zu Trinkwasser zu erm\u00f6glichen. So ein Dorfbrunnen kostet derzeit <strong>12.785\u20acuro<\/strong> (siehe Lifeplus-Foundation <a href=\"https:\/\/www.lifeplusfoundation.org\/create-your-own-campaign\">HIER<\/a> ).<\/p>\n\n\n\n<p><strong>Vorgeschichte<\/strong><\/p>\n\n\n\n<p>Im Alter von 12 Jahren erlernte ich von meiner Gro\u00dfmutter das Sockenstricken. Diese Leidenschaft hat mich \u00fcber die letzten Jahrzehnte hinweg begleitet und es entstanden Tausende an w\u00e4rmende F\u00fc\u00dflinge von einfach bis hoch k\u00fcnstlerisch. Wenn man etwas wirklich gut kann &#8211; sollte man es nutzen. Bei jedem Paar Socken bleiben kleine oder gr\u00f6\u00dfere Reste an wundersch\u00f6ner Wolle \u00fcbrig. Diese Reste begann ich vor ca. 2022 zu sammeln und startete Ende des Jahres damit aus diesen Restesocken her zu stellen. Eine CSM (Circular Sock knitting Machine) wie sie 1924 gebaut wurde (Firma Erlbacher Gearhart) wanderte in meinen Haushalt und mein Hobby, das Sockenstricken, wurde erweitert. Diese Maschine erm\u00f6glicht es mir ein paar Socken in ca. 90 Minuten her zu stellen. Also fing ich an&#8230;&#8230;<\/p>\n\n\n\n<p>In meiner Freizeit entstanden bisher fast 300Paar Restesocken (Stand 28.10.25), zahllose Minis und einige Unikate. Wir sind ganz am Anfang mit der Spendenaktion. Zeit ist jedoch relativ. Wir machen einfach so lange, bis wir das Ziel erreicht haben! Die Liste der fertiggestellten Socken aktualisiere ich von Zeit zu Zeit. Sie kann <a href=\"http:\/\/www.rosendahl.biz\/wp-content\/uploads\/2025\/10\/NoWaste4Water_Sockenliste.pdf\">hier als pdf <\/a>abgerufen werden.<\/p>\n\n\n<div class=\"pgc-sgb-cb wp-block-pgcsimplygalleryblock-viewer \" data-gallery-id=\"7df22929\"><div class=\"sgb-preloader\" id=\"pr_7df22929\">\n\t<div class=\"sgb-square\" style=\"background:#d4d4d4\"><\/div>\n\t<div class=\"sgb-square\" style=\"background:#d4d4d4\"><\/div>\n\t<div class=\"sgb-square\" style=\"background:#d4d4d4\"><\/div>\n\t<div class=\"sgb-square\" style=\"background:#d4d4d4\"><\/div><\/div><div class=\"simply-gallery-amp pgc_sgb_slider \" style=\"display: none;\"><div class=\"sgb-gallery\"><div class=\"sgb-item\"><a href=\"http:\/\/www.rosendahl.biz\/?attachment_id=551\" target=\"_blank\"><img decoding=\"async\" alt=\"\" width=\"225\" height=\"300\" loading=\"lazy\" src=\"http:\/\/www.rosendahl.biz\/wp-content\/uploads\/2025\/10\/WhatsApp-Image-2025-10-30-at-11.57.38-225x300.jpeg\" srcset=\"http:\/\/www.rosendahl.biz\/wp-content\/uploads\/2025\/10\/WhatsApp-Image-2025-10-30-at-11.57.38-225x300.jpeg 225w,http:\/\/www.rosendahl.biz\/wp-content\/uploads\/2025\/10\/WhatsApp-Image-2025-10-30-at-11.57.38-768x1024.jpeg 768w,http:\/\/www.rosendahl.biz\/wp-content\/uploads\/2025\/10\/WhatsApp-Image-2025-10-30-at-11.57.38.jpeg 1530w\" sizes=\"auto, 250px\"\/><\/a><\/div><div class=\"sgb-item\"><a href=\"http:\/\/www.rosendahl.biz\/?attachment_id=548\" target=\"_blank\"><img decoding=\"async\" alt=\"\" width=\"300\" height=\"272\" loading=\"lazy\" src=\"http:\/\/www.rosendahl.biz\/wp-content\/uploads\/2025\/10\/WhatsApp-Image-2025-10-30-at-11.57.59-300x272.jpeg\" srcset=\"http:\/\/www.rosendahl.biz\/wp-content\/uploads\/2025\/10\/WhatsApp-Image-2025-10-30-at-11.57.59-300x272.jpeg 300w,http:\/\/www.rosendahl.biz\/wp-content\/uploads\/2025\/10\/WhatsApp-Image-2025-10-30-at-11.57.59-1024x927.jpeg 1024w,http:\/\/www.rosendahl.biz\/wp-content\/uploads\/2025\/10\/WhatsApp-Image-2025-10-30-at-11.57.59.jpeg 2048w\" sizes=\"auto, 250px\"\/><\/a><\/div><div class=\"sgb-item\"><a href=\"http:\/\/www.rosendahl.biz\/?attachment_id=547\" target=\"_blank\"><img decoding=\"async\" alt=\"\" width=\"225\" height=\"300\" loading=\"lazy\" src=\"http:\/\/www.rosendahl.biz\/wp-content\/uploads\/2025\/10\/WhatsApp-Image-2025-10-30-at-11.57.591-225x300.jpeg\" srcset=\"http:\/\/www.rosendahl.biz\/wp-content\/uploads\/2025\/10\/WhatsApp-Image-2025-10-30-at-11.57.591-225x300.jpeg 225w,http:\/\/www.rosendahl.biz\/wp-content\/uploads\/2025\/10\/WhatsApp-Image-2025-10-30-at-11.57.591-768x1024.jpeg 768w,http:\/\/www.rosendahl.biz\/wp-content\/uploads\/2025\/10\/WhatsApp-Image-2025-10-30-at-11.57.591.jpeg 1200w\" sizes=\"auto, 250px\"\/><\/a><\/div><div class=\"sgb-item\"><a href=\"http:\/\/www.rosendahl.biz\/?attachment_id=549\" target=\"_blank\"><img decoding=\"async\" alt=\"\" width=\"225\" height=\"300\" loading=\"lazy\" src=\"http:\/\/www.rosendahl.biz\/wp-content\/uploads\/2025\/10\/WhatsApp-Image-2025-10-30-at-11.57.381-225x300.jpeg\" srcset=\"http:\/\/www.rosendahl.biz\/wp-content\/uploads\/2025\/10\/WhatsApp-Image-2025-10-30-at-11.57.381-225x300.jpeg 225w,http:\/\/www.rosendahl.biz\/wp-content\/uploads\/2025\/10\/WhatsApp-Image-2025-10-30-at-11.57.381-768x1024.jpeg 768w,http:\/\/www.rosendahl.biz\/wp-content\/uploads\/2025\/10\/WhatsApp-Image-2025-10-30-at-11.57.381.jpeg 1530w\" sizes=\"auto, 250px\"\/><\/a><\/div><div class=\"sgb-item\"><a href=\"http:\/\/www.rosendahl.biz\/?attachment_id=521\" target=\"_blank\"><img decoding=\"async\" alt=\"Minis als Gl\u00fccksstr\u00fcmpfe\" width=\"300\" height=\"225\" loading=\"lazy\" src=\"http:\/\/www.rosendahl.biz\/wp-content\/uploads\/2025\/10\/WhatsApp-Image-2025-10-04-at-17.27.11-300x225.jpeg\" srcset=\"http:\/\/www.rosendahl.biz\/wp-content\/uploads\/2025\/10\/WhatsApp-Image-2025-10-04-at-17.27.11-300x225.jpeg 300w,http:\/\/www.rosendahl.biz\/wp-content\/uploads\/2025\/10\/WhatsApp-Image-2025-10-04-at-17.27.11-1024x768.jpeg 1024w,http:\/\/www.rosendahl.biz\/wp-content\/uploads\/2025\/10\/WhatsApp-Image-2025-10-04-at-17.27.11.jpeg 2040w\" sizes=\"auto, 250px\"\/><\/a><div class=\"sgb-item-caption\"><em>Mini-Gl\u00fccksstrumpf<\/em><\/div><\/div><div class=\"sgb-item\"><a href=\"http:\/\/www.rosendahl.biz\/?attachment_id=519\" target=\"_blank\"><img decoding=\"async\" alt=\"\" width=\"300\" height=\"291\" loading=\"lazy\" src=\"http:\/\/www.rosendahl.biz\/wp-content\/uploads\/2025\/10\/WhatsApp-Image-2025-10-04-at-13.50.27-300x291.jpeg\" srcset=\"http:\/\/www.rosendahl.biz\/wp-content\/uploads\/2025\/10\/WhatsApp-Image-2025-10-04-at-13.50.27-300x291.jpeg 300w,http:\/\/www.rosendahl.biz\/wp-content\/uploads\/2025\/10\/WhatsApp-Image-2025-10-04-at-13.50.27-1024x992.jpeg 1024w,http:\/\/www.rosendahl.biz\/wp-content\/uploads\/2025\/10\/WhatsApp-Image-2025-10-04-at-13.50.27.jpeg 1706w\" sizes=\"auto, 250px\"\/><\/a><div class=\"sgb-item-caption\"><em>Beispiele f\u00fcr Restesocken<\/em><\/div><\/div><\/div><\/div><script type=\"application\/json\" class=\"sgb-data\">{\"galleryType\":\"pgc_sgb_viewer\",\"galleryId\":\"7df22929\",\"images\":[{\"id\":551,\"title\":\"Fertigstellung einer Socke\",\"url\":\"http:\/\/www.rosendahl.biz\/wp-content\/uploads\/2025\/10\/WhatsApp-Image-2025-10-30-at-11.57.38.jpeg\",\"link\":\"http:\/\/www.rosendahl.biz\/?attachment_id=551\",\"alt\":\"\",\"description\":\"\",\"caption\":\"\",\"mime\":\"image\/jpeg\",\"type\":\"image\",\"width\":1530,\"height\":2040,\"sizes\":{\"thumbnail\":{\"height\":150,\"width\":150,\"url\":\"http:\/\/www.rosendahl.biz\/wp-content\/uploads\/2025\/10\/WhatsApp-Image-2025-10-30-at-11.57.38-150x150.jpeg\",\"orientation\":\"landscape\"},\"medium\":{\"height\":300,\"width\":225,\"url\":\"http:\/\/www.rosendahl.biz\/wp-content\/uploads\/2025\/10\/WhatsApp-Image-2025-10-30-at-11.57.38-225x300.jpeg\",\"orientation\":\"portrait\"},\"large\":{\"height\":1024,\"width\":768,\"url\":\"http:\/\/www.rosendahl.biz\/wp-content\/uploads\/2025\/10\/WhatsApp-Image-2025-10-30-at-11.57.38-768x1024.jpeg\",\"orientation\":\"portrait\"},\"full\":{\"url\":\"http:\/\/www.rosendahl.biz\/wp-content\/uploads\/2025\/10\/WhatsApp-Image-2025-10-30-at-11.57.38.jpeg\",\"height\":2040,\"width\":1530,\"orientation\":\"portrait\"}},\"imageMeta\":{\"aperture\":\"0\",\"credit\":\"\",\"camera\":\"\",\"caption\":\"\",\"created_timestamp\":\"0\",\"copyright\":\"\",\"focal_length\":\"0\",\"iso\":\"0\",\"shutter_speed\":\"0\",\"title\":\"\",\"orientation\":\"0\",\"keywords\":[]},\"meta\":false,\"postlink\":\"http:\/\/www.rosendahl.biz\/?attachment_id=551\"},{\"id\":548,\"title\":\"bunte Restesocken\",\"url\":\"http:\/\/www.rosendahl.biz\/wp-content\/uploads\/2025\/10\/WhatsApp-Image-2025-10-30-at-11.57.59.jpeg\",\"link\":\"http:\/\/www.rosendahl.biz\/?attachment_id=548\",\"alt\":\"\",\"description\":\"\",\"caption\":\"\",\"mime\":\"image\/jpeg\",\"type\":\"image\",\"width\":2048,\"height\":1854,\"sizes\":{\"thumbnail\":{\"height\":150,\"width\":150,\"url\":\"http:\/\/www.rosendahl.biz\/wp-content\/uploads\/2025\/10\/WhatsApp-Image-2025-10-30-at-11.57.59-150x150.jpeg\",\"orientation\":\"landscape\"},\"medium\":{\"height\":272,\"width\":300,\"url\":\"http:\/\/www.rosendahl.biz\/wp-content\/uploads\/2025\/10\/WhatsApp-Image-2025-10-30-at-11.57.59-300x272.jpeg\",\"orientation\":\"landscape\"},\"large\":{\"height\":927,\"width\":1024,\"url\":\"http:\/\/www.rosendahl.biz\/wp-content\/uploads\/2025\/10\/WhatsApp-Image-2025-10-30-at-11.57.59-1024x927.jpeg\",\"orientation\":\"landscape\"},\"full\":{\"url\":\"http:\/\/www.rosendahl.biz\/wp-content\/uploads\/2025\/10\/WhatsApp-Image-2025-10-30-at-11.57.59.jpeg\",\"height\":1854,\"width\":2048,\"orientation\":\"landscape\"}},\"imageMeta\":{\"aperture\":\"0\",\"credit\":\"\",\"camera\":\"\",\"caption\":\"\",\"created_timestamp\":\"0\",\"copyright\":\"\",\"focal_length\":\"0\",\"iso\":\"0\",\"shutter_speed\":\"0\",\"title\":\"\",\"orientation\":\"0\",\"keywords\":[]},\"meta\":false,\"postlink\":\"http:\/\/www.rosendahl.biz\/?attachment_id=548\"},{\"id\":547,\"title\":\"Minis - frisch von der Nadel geh\u00fcpft\",\"url\":\"http:\/\/www.rosendahl.biz\/wp-content\/uploads\/2025\/10\/WhatsApp-Image-2025-10-30-at-11.57.591.jpeg\",\"link\":\"http:\/\/www.rosendahl.biz\/?attachment_id=547\",\"alt\":\"\",\"description\":\"\",\"caption\":\"\",\"mime\":\"image\/jpeg\",\"type\":\"image\",\"width\":1200,\"height\":1600,\"sizes\":{\"thumbnail\":{\"height\":150,\"width\":150,\"url\":\"http:\/\/www.rosendahl.biz\/wp-content\/uploads\/2025\/10\/WhatsApp-Image-2025-10-30-at-11.57.591-150x150.jpeg\",\"orientation\":\"landscape\"},\"medium\":{\"height\":300,\"width\":225,\"url\":\"http:\/\/www.rosendahl.biz\/wp-content\/uploads\/2025\/10\/WhatsApp-Image-2025-10-30-at-11.57.591-225x300.jpeg\",\"orientation\":\"portrait\"},\"large\":{\"height\":1024,\"width\":768,\"url\":\"http:\/\/www.rosendahl.biz\/wp-content\/uploads\/2025\/10\/WhatsApp-Image-2025-10-30-at-11.57.591-768x1024.jpeg\",\"orientation\":\"portrait\"},\"full\":{\"url\":\"http:\/\/www.rosendahl.biz\/wp-content\/uploads\/2025\/10\/WhatsApp-Image-2025-10-30-at-11.57.591.jpeg\",\"height\":1600,\"width\":1200,\"orientation\":\"portrait\"}},\"imageMeta\":{\"aperture\":\"0\",\"credit\":\"\",\"camera\":\"\",\"caption\":\"\",\"created_timestamp\":\"0\",\"copyright\":\"\",\"focal_length\":\"0\",\"iso\":\"0\",\"shutter_speed\":\"0\",\"title\":\"\",\"orientation\":\"0\",\"keywords\":[]},\"meta\":false,\"postlink\":\"http:\/\/www.rosendahl.biz\/?attachment_id=547\"},{\"id\":549,\"title\":\"sch\u00f6ne Reste!\",\"url\":\"http:\/\/www.rosendahl.biz\/wp-content\/uploads\/2025\/10\/WhatsApp-Image-2025-10-30-at-11.57.381.jpeg\",\"link\":\"http:\/\/www.rosendahl.biz\/?attachment_id=549\",\"alt\":\"\",\"description\":\"\",\"caption\":\"\",\"mime\":\"image\/jpeg\",\"type\":\"image\",\"width\":1530,\"height\":2040,\"sizes\":{\"thumbnail\":{\"height\":150,\"width\":150,\"url\":\"http:\/\/www.rosendahl.biz\/wp-content\/uploads\/2025\/10\/WhatsApp-Image-2025-10-30-at-11.57.381-150x150.jpeg\",\"orientation\":\"landscape\"},\"medium\":{\"height\":300,\"width\":225,\"url\":\"http:\/\/www.rosendahl.biz\/wp-content\/uploads\/2025\/10\/WhatsApp-Image-2025-10-30-at-11.57.381-225x300.jpeg\",\"orientation\":\"portrait\"},\"large\":{\"height\":1024,\"width\":768,\"url\":\"http:\/\/www.rosendahl.biz\/wp-content\/uploads\/2025\/10\/WhatsApp-Image-2025-10-30-at-11.57.381-768x1024.jpeg\",\"orientation\":\"portrait\"},\"full\":{\"url\":\"http:\/\/www.rosendahl.biz\/wp-content\/uploads\/2025\/10\/WhatsApp-Image-2025-10-30-at-11.57.381.jpeg\",\"height\":2040,\"width\":1530,\"orientation\":\"portrait\"}},\"imageMeta\":{\"aperture\":\"0\",\"credit\":\"\",\"camera\":\"\",\"caption\":\"\",\"created_timestamp\":\"0\",\"copyright\":\"\",\"focal_length\":\"0\",\"iso\":\"0\",\"shutter_speed\":\"0\",\"title\":\"\",\"orientation\":\"0\",\"keywords\":[]},\"meta\":false,\"postlink\":\"http:\/\/www.rosendahl.biz\/?attachment_id=549\"},{\"id\":521,\"title\":\"Gluecksstrumpf\",\"url\":\"http:\/\/www.rosendahl.biz\/wp-content\/uploads\/2025\/10\/WhatsApp-Image-2025-10-04-at-17.27.11.jpeg\",\"link\":\"http:\/\/www.rosendahl.biz\/?attachment_id=521\",\"alt\":\"Minis als Gl\u00fccksstr\u00fcmpfe\",\"description\":\"\",\"caption\":\"Mini-Gl\u00fccksstrumpf\",\"mime\":\"image\/jpeg\",\"type\":\"image\",\"width\":2040,\"height\":1530,\"sizes\":{\"thumbnail\":{\"height\":150,\"width\":150,\"url\":\"http:\/\/www.rosendahl.biz\/wp-content\/uploads\/2025\/10\/WhatsApp-Image-2025-10-04-at-17.27.11-150x150.jpeg\",\"orientation\":\"landscape\"},\"medium\":{\"height\":225,\"width\":300,\"url\":\"http:\/\/www.rosendahl.biz\/wp-content\/uploads\/2025\/10\/WhatsApp-Image-2025-10-04-at-17.27.11-300x225.jpeg\",\"orientation\":\"landscape\"},\"large\":{\"height\":768,\"width\":1024,\"url\":\"http:\/\/www.rosendahl.biz\/wp-content\/uploads\/2025\/10\/WhatsApp-Image-2025-10-04-at-17.27.11-1024x768.jpeg\",\"orientation\":\"landscape\"},\"full\":{\"url\":\"http:\/\/www.rosendahl.biz\/wp-content\/uploads\/2025\/10\/WhatsApp-Image-2025-10-04-at-17.27.11.jpeg\",\"height\":1530,\"width\":2040,\"orientation\":\"landscape\"}},\"imageMeta\":{\"aperture\":\"0\",\"credit\":\"\",\"camera\":\"\",\"caption\":\"\",\"created_timestamp\":\"0\",\"copyright\":\"\",\"focal_length\":\"0\",\"iso\":\"0\",\"shutter_speed\":\"0\",\"title\":\"\",\"orientation\":\"0\",\"keywords\":[]},\"meta\":false,\"postlink\":\"http:\/\/www.rosendahl.biz\/?attachment_id=521\"},{\"id\":519,\"title\":\"NoWaste4Water\",\"url\":\"http:\/\/www.rosendahl.biz\/wp-content\/uploads\/2025\/10\/WhatsApp-Image-2025-10-04-at-13.50.27.jpeg\",\"link\":\"http:\/\/www.rosendahl.biz\/?attachment_id=519\",\"alt\":\"\",\"description\":\"\",\"caption\":\"Beispiele f\u00fcr Restesocken\",\"mime\":\"image\/jpeg\",\"type\":\"image\",\"width\":1706,\"height\":1653,\"sizes\":{\"thumbnail\":{\"height\":150,\"width\":150,\"url\":\"http:\/\/www.rosendahl.biz\/wp-content\/uploads\/2025\/10\/WhatsApp-Image-2025-10-04-at-13.50.27-150x150.jpeg\",\"orientation\":\"landscape\"},\"medium\":{\"height\":291,\"width\":300,\"url\":\"http:\/\/www.rosendahl.biz\/wp-content\/uploads\/2025\/10\/WhatsApp-Image-2025-10-04-at-13.50.27-300x291.jpeg\",\"orientation\":\"landscape\"},\"large\":{\"height\":992,\"width\":1024,\"url\":\"http:\/\/www.rosendahl.biz\/wp-content\/uploads\/2025\/10\/WhatsApp-Image-2025-10-04-at-13.50.27-1024x992.jpeg\",\"orientation\":\"landscape\"},\"full\":{\"url\":\"http:\/\/www.rosendahl.biz\/wp-content\/uploads\/2025\/10\/WhatsApp-Image-2025-10-04-at-13.50.27.jpeg\",\"height\":1653,\"width\":1706,\"orientation\":\"landscape\"}},\"imageMeta\":{\"aperture\":\"0\",\"credit\":\"\",\"camera\":\"\",\"caption\":\"\",\"created_timestamp\":\"0\",\"copyright\":\"\",\"focal_length\":\"0\",\"iso\":\"0\",\"shutter_speed\":\"0\",\"title\":\"\",\"orientation\":\"0\",\"keywords\":[]},\"meta\":false,\"postlink\":\"http:\/\/www.rosendahl.biz\/?attachment_id=519\"}],\"itemsMetaDataCollection\":[]}<\/script><script>(function(){if(window.PGC_SGB && window.PGC_SGB.searcher){window.PGC_SGB.searcher.initBlocks()}})()<\/script><\/div>\n\n\n<p>Alle Socken werden aus 4fach Sockenwolle (75% Schurwolle, 25% Polyamid) oder anderen gel\u00e4ufigen Mischungen gefertigt und sind 30\u00b0 maschinenwaschbar.<\/p>\n\n\n\n<p><strong>Spenden sammeln<\/strong><\/p>\n\n\n\n<p>Momentan arbeiten wir mit kleinen Spendenkassen und nehmen hier und da Restesocken (NoWaste4Water-Socken) mit auf Handwerker- oder Weihnachtsm\u00e4rkte. Da die meisten Crowd-Funding Angebote die es im Netz zu finden gibt eine knappe zeitliche Limitierung haben bevor diese richtig an Geb\u00fchren zulegen, haben wir jetzt ein Konto bei Check24 (Onlinebank) er\u00f6ffnet, das keine Geb\u00fchren verlangt. Ein separates PayPal-Konto ist auch vorhanden. <a href=\"http:\/\/www.rosendahl.biz\/?page_id=541\" data-type=\"page\" data-id=\"541\">Hier gehts zur Spendenseite<\/a><\/p>\n\n\n\n<p><strong>So kann jeder helfen:<\/strong><\/p>\n\n\n\n<ol class=\"wp-block-list\">\n<li><strong>Socken erwerben<\/strong><br>pro Paar 20\u20ac. Wer gerne ein Paar handgefertigte, kunterbunte Restesocken erwerben m\u00f6chte, kann sich gerne melden. Da sie kunterbunt sind, sind alle Farben und Kombinationen m\u00f6glich (siehe Beispielbilder in der Galerie). Bei so vielen Socken kann ich unm\u00f6glich alle fotografieren und als Katalog abbilden &#8211; der Aufwand mit der Suche nach einzelnen Paaren w\u00e4re immens! Wer lieber pers\u00f6nlich ausw\u00e4hlen m\u00f6chte kann gerne vor Ort aus einigen Exemplaren w\u00e4hlen oder einen Wunsch wie &#8222;kein Rosa&#8220; oder &#8222;mit blau&#8220; &#8230; abgeben. Wir versuchen es zu ber\u00fccksichtigen. <br><br><strong>R\u00fcckgaberecht:<\/strong> Gesetzlich besteht ein R\u00fcckgaberecht f\u00fcr gekaufte Ware. Es handelt sich hier um eine reine Spende, f\u00fcr die ihr quasi &#8222;gratis&#8220; Socken erhaltet. Die Socken werden wird durch Spenden  von Sockenwollresten gefertigt, die Arbeitszeiten sind alle ehrenamtlich. Daher bitten wir auf eine R\u00fcckgabe zu verzichten und nur dann Socken zu erwerben, wenn diese auch gewollt sind. Da wir kein Verein sind &#8211; k\u00f6nnen wir keine Spendenquittungen ausstellen. Wer diese ben\u00f6tigt, kann direkt an die <a href=\"https:\/\/www.lifeplusfoundation.org\/de\/\">Lifeplusfoundation<\/a> spenden (unabh\u00e4ngig von diesem Projekt) und eine Spendenquittung anfordern.<br><\/li>\n\n\n\n<li><strong>Mini-S\u00f6ckchen erwerben<\/strong><br>Gestrickte Socken sind nicht so dein Fall? Kleine Schl\u00fcsselanh\u00e4nger als Gl\u00fccksbringer sind vielseitig einsetzbar. Ob Geburtstag, Pr\u00fcfung, Hochzeit, Bef\u00f6rderung&#8230;. f\u00fcr 2,\u20ac\/St\u00fcck kann hier auch ein kleiner Geldbeutel helfen. Wer sich daf\u00fcr interessiert WIE diese Minis entstehen findet hier ein <a href=\"https:\/\/youtu.be\/TcbaLYtaPpA?si=P-NsItO29AsryvDN\" data-type=\"link\" data-id=\"https:\/\/youtu.be\/TcbaLYtaPpA?si=P-NsItO29AsryvDN\">YouTube-Video<\/a>, welches ich selbst bei der Herstellung aufgenommen habe. <br><\/li>\n\n\n\n<li><strong>Restwolle organisieren<\/strong><br>Du strickst selbst oder kennst Menschen die Socken stricken? Ich nehme gerne Spenden, Sockenwolle (4f\u00e4dig!), an und fertige daraus neue, kunterbunte Unikate f\u00fcrs Projekt. Bitte nur einwandfreie Wolle ausw\u00e4hlen (nicht zu alt = br\u00fcchig) und bitte keine bereits angestrickten Projekte zum Aufziehen oder Mischungen mit anderer Wolle\/Nadeln&#8230;.<br><\/li>\n\n\n\n<li><strong>Socken mitverkaufen<\/strong><br>Du planst einen Markt, eine Veranstaltung&#8230;. und w\u00fcrdes gerne ein paar Socken zum Verkauf mitnehmen? Sprech mich gerne darauf an.<br><\/li>\n\n\n\n<li><strong>Live-Event<\/strong><br>Du hast ein Caf\u00e9, ein Restaurant, ein Museum, eine besondere Veranstaltung und suchst einen Eye-Catcher? Wenn machbar und fahrbar komme ich mit meiner Strickmaschine vorbei, fertige einige Exemplare vor Ort und bringe kaufbare Exemplare mit. Dabei kann die Technik einer traditionellen Sockenstrickmaschine n\u00e4her gebracht werden. Ein optisches Highlight und ein St\u00fcckchen Wissen \u00fcber Handwerkskunst werden dabei vermittelt. <br><\/li>\n\n\n\n<li><strong>Handwerksgeschick mit einbringen<\/strong><br>Du w\u00fcrdes einfach gerne mitstricken und deine Restesocken an Freunde, Verwandte, Bekannte&#8230; verkaufen und den Erl\u00f6s spenden? Melde dich gerne.<br><\/li>\n<\/ol>\n\n\n\n<p><strong>Live-Events<\/strong><\/p>\n\n\n\n<p>Am 13.12.2025 bin ich bei einer lieben Kollegin, Christine Kokesch-Pr\u00f6mpler, in ihrem Concept-Store <a href=\"https:\/\/www.lebenskreativ.de\/\">&#8222;Lebenskreativ&#8220;<\/a> in S\u00fc\u00dfen eingeladen. Hier werde ich live stricken und fertige Produkte k\u00f6nnen erworben werden. Desweiteren k\u00f6nnen im Kassenbereich Mini-S\u00f6ckchen erstanden werden. Ein Spendenk\u00e4sschen steht bereit. Genau noch rechtzeitig f\u00fcr letzte, besondere Weihnachtsgeschenke.<\/p>\n\n\n\n<p><\/p>\n","protected":false},"excerpt":{"rendered":"<p>Wie &#8222;strickt&#8220; man einen Brunnen? Eine Idee, Wolle und eine Gemeinschaft mit dem Ziel zusammen gen\u00fcgend gestrickte Socken zu erschaffen und f\u00fcr einen Spendenbetrag zu ver\u00e4u\u00dfern um einer Dorfgemeinschaft in Afrika einen gesicherten, dauerhaften Zugang zu Trinkwasser zu erm\u00f6glichen. So ein Dorfbrunnen kostet derzeit 12.785\u20acuro (siehe Lifeplus-Foundation HIER ). Vorgeschichte Im Alter von 12 Jahren &hellip; <\/p>\n","protected":false},"author":1,"featured_media":0,"parent":0,"menu_order":0,"comment_status":"closed","ping_status":"closed","template":"","meta":{"pgc_sgb_lightbox_settings":"","footnotes":""},"class_list":["post-506","page","type-page","status-publish","hentry"],"_links":{"self":[{"href":"https:\/\/www.rosendahl.biz\/index.php?rest_route=\/wp\/v2\/pages\/506","targetHints":{"allow":["GET"]}}],"collection":[{"href":"https:\/\/www.rosendahl.biz\/index.php?rest_route=\/wp\/v2\/pages"}],"about":[{"href":"https:\/\/www.rosendahl.biz\/index.php?rest_route=\/wp\/v2\/types\/page"}],"author":[{"embeddable":true,"href":"https:\/\/www.rosendahl.biz\/index.php?rest_route=\/wp\/v2\/users\/1"}],"replies":[{"embeddable":true,"href":"https:\/\/www.rosendahl.biz\/index.php?rest_route=%2Fwp%2Fv2%2Fcomments&post=506"}],"version-history":[{"count":14,"href":"https:\/\/www.rosendahl.biz\/index.php?rest_route=\/wp\/v2\/pages\/506\/revisions"}],"predecessor-version":[{"id":575,"href":"https:\/\/www.rosendahl.biz\/index.php?rest_route=\/wp\/v2\/pages\/506\/revisions\/575"}],"wp:attachment":[{"href":"https:\/\/www.rosendahl.biz\/index.php?rest_route=%2Fwp%2Fv2%2Fmedia&parent=506"}],"curies":[{"name":"wp","href":"https:\/\/api.w.org\/{rel}","templated":true}]}}