{"id":462,"date":"2025-05-13T09:44:00","date_gmt":"2025-05-13T08:44:00","guid":{"rendered":"http:\/\/www.rosendahl.biz\/?page_id=462"},"modified":"2026-04-29T21:21:59","modified_gmt":"2026-04-29T20:21:59","slug":"darm-und-leberreinigung","status":"publish","type":"page","link":"https:\/\/www.rosendahl.biz\/?page_id=462","title":{"rendered":"Darm und Leber &#8211; DAS Power-Duo"},"content":{"rendered":"\n<h3 class=\"wp-block-heading\">Eine regelm\u00e4\u00dfige <strong>Darmreinigung<\/strong> oder eine gezielte <strong>Leberunterst\u00fctzung<\/strong> sind wie ein \u201eFr\u00fchjahrsputz\u201c von innen.<\/h3>\n\n\n\n<ol start=\"1\" class=\"wp-block-list\">\n<li><strong>Der Darm:<\/strong> Eine Reinigung hilft dabei, alten Ballast abzuwerfen und das Milieu f\u00fcr n\u00fctzliche Bakterien wieder attraktiv zu machen. Das sorgt nicht nur f\u00fcr ein leichteres K\u00f6rpergef\u00fchl, sondern unterst\u00fctzt auch deine N\u00e4hrstoffaufnahme.<\/li>\n\n\n\n<li><strong>Die Leber:<\/strong> Als dein wichtigstes Entgiftungsorgan arbeitet sie rund um die Uhr, um Schadstoffe zu filtern. Eine \u201eLeberkur\u201c gibt ihr die wertvollen Impulse zur\u00fcck, die sie f\u00fcr ihre Regeneration braucht.<\/li>\n<\/ol>\n\n\n\n<h3 class=\"wp-block-heading\">Was du davon hast?<\/h3>\n\n\n\n<p>Wenn du deinen Stoffwechsel und deine Verdauungsorgane regelm\u00e4\u00dfig entlastest, schaffst du die Basis f\u00fcr:<\/p>\n\n\n\n<ul class=\"wp-block-list\">\n<li><strong>Mehr Vitalit\u00e4t:<\/strong> Wer innerlich aufger\u00e4umt ist, f\u00fchlt sich oft wacher und energiegeladener.<\/li>\n\n\n\n<li><strong>Ein klares Hautbild:<\/strong> Deine Haut ist oft der Spiegel deiner inneren Gesundheit.<\/li>\n\n\n\n<li><strong>Starke Abwehrkr\u00e4fte:<\/strong> Ein gepflegter Darm ist dein bester Schutzschild.<\/li>\n\n\n\n<li><strong>Leichtigkeit:<\/strong> Es f\u00e4llt dir leichter, dein Wohlf\u00fchlgewicht zu halten und Hei\u00dfhungerattacken zu vermeiden.<\/li>\n<\/ul>\n\n\n\n<p><strong>Gesundheit ist kein Zustand, sondern ein Prozess.<\/strong> Indem du Darm und Leber regelm\u00e4\u00dfig Aufmerksamkeit schenkst, unterst\u00fctzt du deinen K\u00f6rper in seiner nat\u00fcrlichen Eigenverantwortung und Regeneration.<\/p>\n\n\n\n<p>M\u00f6chtest du wissen, welches Konzept am besten zu deinem aktuellen Alltag passt? Lass uns gemeinsam schauen, wie wir deinen K\u00f6rper optimal unterst\u00fctzen k\u00f6nnen!<\/p>\n\n\n\n<p>Hier ein kurzes Statement von Dr. Anja Lindblad zum Thema Darmgesundheit unterst\u00fctzen: <a href=\"http:\/\/www.rosendahl.biz\/wp-content\/uploads\/2026\/04\/WhatsApp-Video-2026-04-29-at-22.08.32.mp4\">HIER<\/a><br><br>Ballaststoffe &#8211; gibt es <a href=\"https:\/\/ww1.lifeplus.com\/sh4we8\/m\/de\/de\/product-details\/4443\/cogelin\">hier<\/a><br><br><\/p>\n\n\n\n<p><strong>Infos aus dem Buch &#8222;Das Darm-Hirn-Kartell&#8220; von Dr. Petra Wenzel:<\/strong><\/p>\n\n\n\n<p>Wusstest du, dass nahezu alle Autoimmunkrankheiten wie<br><br>&#8211; Z\u00f6liakie<br>&#8211; Asthma<br>&#8211; Morbus Bechterew<br>&#8211; entz\u00fcndliche Darmerkrankungen (colitis Ulcerosa, Morbus Chron&#8230;<br>&#8211; Neurodermitis, Psoriasis&#8230;<br>&#8211; Multiple Sklerose<br>&#8211; rheumatoide Arthritis (&#8222;Rheuma&#8220;)<br>&#8211; systemischer Lupus erythematodes<br>&#8211; Typ-1 Diabetes<br>&#8211; zahlreiche Krebserkrankungen<br><br>im direkten Zusammenhang mit einer erh\u00f6hten Darmduchl\u00e4ssigkeit stehen?<\/p>\n\n\n\n<p><br>Auch die Schranke zwischen Blut und Gehirn wird besch\u00e4digt und unl\u00f6sliche Verbindungen k\u00f6nnen sich im Gehirn ablagern. Folgeerkrankungen daraus sind z.B. <br><br>Kopfschmerzen<br>Migr\u00e4ne<br>Schwindel<br>Ataxien<br>epileptische Anf\u00e4lle<br>Verhaltensst\u00f6rungen wie ADHS<br>Autismus<br>chronische Ersch\u00f6pfung<br><br>Quellen: Schlau mit Darm, Prof. Dr. Michaela Axt-Gadermann<br>Darm-Hirn-Kartell, Dr. Petra Wenzel<\/p>\n\n\n\n<p><\/p>\n\n\n\n<p><\/p>\n\n\n\n<p><\/p>\n","protected":false},"excerpt":{"rendered":"<p>Eine regelm\u00e4\u00dfige Darmreinigung oder eine gezielte Leberunterst\u00fctzung sind wie ein \u201eFr\u00fchjahrsputz\u201c von innen. Was du davon hast? Wenn du deinen Stoffwechsel und deine Verdauungsorgane regelm\u00e4\u00dfig entlastest, schaffst du die Basis f\u00fcr: Gesundheit ist kein Zustand, sondern ein Prozess. Indem du Darm und Leber regelm\u00e4\u00dfig Aufmerksamkeit schenkst, unterst\u00fctzt du deinen K\u00f6rper in seiner nat\u00fcrlichen Eigenverantwortung und &hellip; <\/p>\n","protected":false},"author":1,"featured_media":0,"parent":0,"menu_order":0,"comment_status":"closed","ping_status":"closed","template":"","meta":{"pgc_sgb_lightbox_settings":"","footnotes":""},"class_list":["post-462","page","type-page","status-publish","hentry"],"_links":{"self":[{"href":"https:\/\/www.rosendahl.biz\/index.php?rest_route=\/wp\/v2\/pages\/462","targetHints":{"allow":["GET"]}}],"collection":[{"href":"https:\/\/www.rosendahl.biz\/index.php?rest_route=\/wp\/v2\/pages"}],"about":[{"href":"https:\/\/www.rosendahl.biz\/index.php?rest_route=\/wp\/v2\/types\/page"}],"author":[{"embeddable":true,"href":"https:\/\/www.rosendahl.biz\/index.php?rest_route=\/wp\/v2\/users\/1"}],"replies":[{"embeddable":true,"href":"https:\/\/www.rosendahl.biz\/index.php?rest_route=%2Fwp%2Fv2%2Fcomments&post=462"}],"version-history":[{"count":10,"href":"https:\/\/www.rosendahl.biz\/index.php?rest_route=\/wp\/v2\/pages\/462\/revisions"}],"predecessor-version":[{"id":644,"href":"https:\/\/www.rosendahl.biz\/index.php?rest_route=\/wp\/v2\/pages\/462\/revisions\/644"}],"wp:attachment":[{"href":"https:\/\/www.rosendahl.biz\/index.php?rest_route=%2Fwp%2Fv2%2Fmedia&parent=462"}],"curies":[{"name":"wp","href":"https:\/\/api.w.org\/{rel}","templated":true}]}}