{"id":325,"date":"2023-09-10T14:57:19","date_gmt":"2023-09-10T13:57:19","guid":{"rendered":"http:\/\/www.rosendahl.biz\/?page_id=325"},"modified":"2023-09-17T19:42:53","modified_gmt":"2023-09-17T18:42:53","slug":"impressum","status":"publish","type":"page","link":"https:\/\/www.rosendahl.biz\/?page_id=325","title":{"rendered":"Impressum"},"content":{"rendered":"\n<p>Impressum<\/p>\n\n\n\n<p>Monika Rosendahl<br>R\u00f6merstrasse 25<br>72805 Lichtenstein<br>Deutschland<br><br>Tel: +4915730685214<br>(whatsapp\/telegram\/viber)<br>Mail: monika@rosendahl.biz<br><br>UStId.Nr DE246216742<br><br><a href=\"https:\/\/ec.europa.eu\/consumers\/odr\/main\/index.cfm?event=main.home2.show&amp;lng=DE\">Link zur Online-Streitbeilegung\/Europ\u00e4ische Kommission<\/a><br><\/p>\n\n\n\n<div class=\"wp-block-image\"><figure class=\"alignleft size-large is-resized\"><img loading=\"lazy\" decoding=\"async\" src=\"http:\/\/www.rosendahl.biz\/wp-content\/uploads\/2023\/09\/WhatsApp-Image-2023-09-10-at-20.41.56-1024x1024.jpeg\" alt=\"\" class=\"wp-image-392\" width=\"218\" height=\"218\" srcset=\"https:\/\/www.rosendahl.biz\/wp-content\/uploads\/2023\/09\/WhatsApp-Image-2023-09-10-at-20.41.56-1024x1024.jpeg 1024w, https:\/\/www.rosendahl.biz\/wp-content\/uploads\/2023\/09\/WhatsApp-Image-2023-09-10-at-20.41.56-300x300.jpeg 300w, https:\/\/www.rosendahl.biz\/wp-content\/uploads\/2023\/09\/WhatsApp-Image-2023-09-10-at-20.41.56-150x150.jpeg 150w, https:\/\/www.rosendahl.biz\/wp-content\/uploads\/2023\/09\/WhatsApp-Image-2023-09-10-at-20.41.56-768x768.jpeg 768w, https:\/\/www.rosendahl.biz\/wp-content\/uploads\/2023\/09\/WhatsApp-Image-2023-09-10-at-20.41.56-60x60.jpeg 60w, https:\/\/www.rosendahl.biz\/wp-content\/uploads\/2023\/09\/WhatsApp-Image-2023-09-10-at-20.41.56-468x468.jpeg 468w, https:\/\/www.rosendahl.biz\/wp-content\/uploads\/2023\/09\/WhatsApp-Image-2023-09-10-at-20.41.56.jpeg 1280w\" sizes=\"auto, (max-width: 218px) 100vw, 218px\" \/><\/figure><\/div>\n\n\n\n<p><\/p>\n\n\n\n<p><\/p>\n\n\n\n<p><\/p>\n\n\n\n<p><\/p>\n\n\n\n<p>Wer uns in Ungarn besuchen m\u00f6chte der findet uns hier:<br><br>Gy\u00f6rladam\u00e9r<br>T\u00f3k\u00f6z Ut. 10<br>9173<\/p>\n\n\n\n<p>Tel: +36 30 437 3008  <br>(whats app)<br><br><\/p>\n","protected":false},"excerpt":{"rendered":"<p>Impressum Monika RosendahlR\u00f6merstrasse 2572805 LichtensteinDeutschland Tel: +4915730685214(whatsapp\/telegram\/viber)Mail: monika@rosendahl.biz UStId.Nr DE246216742 Link zur Online-Streitbeilegung\/Europ\u00e4ische Kommission Wer uns in Ungarn besuchen m\u00f6chte der findet uns hier: Gy\u00f6rladam\u00e9rT\u00f3k\u00f6z Ut. 109173 Tel: +36 30 437 3008 (whats app)<\/p>\n","protected":false},"author":1,"featured_media":0,"parent":0,"menu_order":0,"comment_status":"closed","ping_status":"closed","template":"","meta":{"pgc_sgb_lightbox_settings":"","footnotes":""},"class_list":["post-325","page","type-page","status-publish","hentry"],"_links":{"self":[{"href":"https:\/\/www.rosendahl.biz\/index.php?rest_route=\/wp\/v2\/pages\/325","targetHints":{"allow":["GET"]}}],"collection":[{"href":"https:\/\/www.rosendahl.biz\/index.php?rest_route=\/wp\/v2\/pages"}],"about":[{"href":"https:\/\/www.rosendahl.biz\/index.php?rest_route=\/wp\/v2\/types\/page"}],"author":[{"embeddable":true,"href":"https:\/\/www.rosendahl.biz\/index.php?rest_route=\/wp\/v2\/users\/1"}],"replies":[{"embeddable":true,"href":"https:\/\/www.rosendahl.biz\/index.php?rest_route=%2Fwp%2Fv2%2Fcomments&post=325"}],"version-history":[{"count":7,"href":"https:\/\/www.rosendahl.biz\/index.php?rest_route=\/wp\/v2\/pages\/325\/revisions"}],"predecessor-version":[{"id":418,"href":"https:\/\/www.rosendahl.biz\/index.php?rest_route=\/wp\/v2\/pages\/325\/revisions\/418"}],"wp:attachment":[{"href":"https:\/\/www.rosendahl.biz\/index.php?rest_route=%2Fwp%2Fv2%2Fmedia&parent=325"}],"curies":[{"name":"wp","href":"https:\/\/api.w.org\/{rel}","templated":true}]}}